{"id":1114,"date":"2014-08-18T06:45:25","date_gmt":"2014-08-18T06:45:25","guid":{"rendered":"http:\/\/www.proarte.rs\/srb\/?page_id=1114"},"modified":"2015-06-08T10:29:36","modified_gmt":"2015-06-08T10:29:36","slug":"majice","status":"publish","type":"page","link":"https:\/\/proarte.rs\/web\/majice\/","title":{"rendered":"Majice"},"content":{"rendered":"<p>Brendiramo majice za Va\u0161u firmu, upotpunite marketin\u0161ku strategiju vizuelnim identitetom\u00a0uz ovaj\u00a0proizvod. Reklama koju \u0107e nostiti Va\u0161 radnik, saradnik,\u00a0kolega ili prijatelj. Reklama koja traje, koju vidi veliki broj potencijalnih klijenata i novih saradnika.<\/p>\n<p><a href=\"https:\/\/proarte.rs\/web\/wp-content\/uploads\/2015\/06\/majica_001.png\"><img loading=\"lazy\" decoding=\"async\" class=\"alignnone size-medium wp-image-1431\" src=\"https:\/\/proarte.rs\/web\/wp-content\/uploads\/2015\/06\/majica_001-255x300.png\" alt=\"majica_001\" width=\"255\" height=\"300\" srcset=\"https:\/\/proarte.rs\/web\/wp-content\/uploads\/2015\/06\/majica_001-255x300.png 255w, https:\/\/proarte.rs\/web\/wp-content\/uploads\/2015\/06\/majica_001.png 491w\" sizes=\"auto, (max-width: 255px) 100vw, 255px\" \/><\/a><a href=\"https:\/\/proarte.rs\/web\/wp-content\/uploads\/2015\/06\/majica_002.png\"><img loading=\"lazy\" decoding=\"async\" class=\"alignnone size-medium wp-image-1432\" src=\"https:\/\/proarte.rs\/web\/wp-content\/uploads\/2015\/06\/majica_002-255x300.png\" alt=\"majica_002\" width=\"255\" height=\"300\" srcset=\"https:\/\/proarte.rs\/web\/wp-content\/uploads\/2015\/06\/majica_002-255x300.png 255w, https:\/\/proarte.rs\/web\/wp-content\/uploads\/2015\/06\/majica_002.png 491w\" sizes=\"auto, (max-width: 255px) 100vw, 255px\" \/><\/a><\/p>\n<p>&nbsp;<\/p>\n<p>Vrste \u0161tampe mogu biti SITO, FLEKSO, VEZ ili FLOK tehnikom \u0161tampe. Svaka tehnika je druga\u010dija i ima svojih prednosti. U konsultaciji sa na\u0161im timom predlo\u017ei\u0107emo najbolje re\u0161enje za Vas, prema Va\u0161im potrebama i \u017eeljama.<\/p>\n","protected":false},"excerpt":{"rendered":"<p>Brendiramo majice za Va\u0161u firmu, upotpunite marketin\u0161ku strategiju vizuelnim identitetom\u00a0uz ovaj\u00a0proizvod. Reklama koju \u0107e nostiti Va\u0161 radnik, saradnik,\u00a0kolega ili prijatelj. Reklama koja traje, koju vidi veliki broj potencijalnih klijenata i novih saradnika. &nbsp; Vrste \u0161tampe mogu biti SITO, FLEKSO, VEZ ili FLOK tehnikom \u0161tampe. Svaka tehnika je druga\u010dija i ima svojih prednosti. U konsultaciji sa [&hellip;]<\/p>\n","protected":false},"author":1,"featured_media":0,"parent":0,"menu_order":0,"comment_status":"closed","ping_status":"open","template":"","meta":{"footnotes":""},"class_list":["post-1114","page","type-page","status-publish","hentry"],"_links":{"self":[{"href":"https:\/\/proarte.rs\/web\/wp-json\/wp\/v2\/pages\/1114","targetHints":{"allow":["GET"]}}],"collection":[{"href":"https:\/\/proarte.rs\/web\/wp-json\/wp\/v2\/pages"}],"about":[{"href":"https:\/\/proarte.rs\/web\/wp-json\/wp\/v2\/types\/page"}],"author":[{"embeddable":true,"href":"https:\/\/proarte.rs\/web\/wp-json\/wp\/v2\/users\/1"}],"replies":[{"embeddable":true,"href":"https:\/\/proarte.rs\/web\/wp-json\/wp\/v2\/comments?post=1114"}],"version-history":[{"count":3,"href":"https:\/\/proarte.rs\/web\/wp-json\/wp\/v2\/pages\/1114\/revisions"}],"predecessor-version":[{"id":1472,"href":"https:\/\/proarte.rs\/web\/wp-json\/wp\/v2\/pages\/1114\/revisions\/1472"}],"wp:attachment":[{"href":"https:\/\/proarte.rs\/web\/wp-json\/wp\/v2\/media?parent=1114"}],"curies":[{"name":"wp","href":"https:\/\/api.w.org\/{rel}","templated":true}]}}