{"id":1118,"date":"2014-08-18T06:45:25","date_gmt":"2014-08-18T06:45:25","guid":{"rendered":"http:\/\/www.proarte.rs\/srb\/?page_id=1118"},"modified":"2015-06-08T10:12:03","modified_gmt":"2015-06-08T10:12:03","slug":"vino-u-brendiranom-pakovanju","status":"publish","type":"page","link":"https:\/\/proarte.rs\/web\/vino-u-brendiranom-pakovanju\/","title":{"rendered":"Vino u brendiranom pakovanju"},"content":{"rendered":"<p>NOVO!!!!<\/p>\n<p>u ponudi za eksluzivni reklamni proizvod, vino u brendiranom pakovanju. Proizvod koji va\u0161e poslovanje i\u00a0po\u0161tovanje va\u0161ih klijenata iskazuje na elegantan na\u010din.<\/p>\n<p><a href=\"https:\/\/proarte.rs\/web\/wp-content\/uploads\/2015\/06\/vino_001.png\"><img loading=\"lazy\" decoding=\"async\" class=\"aligncenter wp-image-1438 size-medium\" src=\"https:\/\/proarte.rs\/web\/wp-content\/uploads\/2015\/06\/vino_001-211x300.png\" alt=\"vino_001\" width=\"211\" height=\"300\" srcset=\"https:\/\/proarte.rs\/web\/wp-content\/uploads\/2015\/06\/vino_001-211x300.png 211w, https:\/\/proarte.rs\/web\/wp-content\/uploads\/2015\/06\/vino_001.png 463w\" sizes=\"auto, (max-width: 211px) 100vw, 211px\" \/><\/a><a href=\"http:\/\/www.proarte.rs\/srb\/wp-content\/uploads\/2014\/08\/vino_001.png\"><br \/>\n<\/a><\/p>\n","protected":false},"excerpt":{"rendered":"<p>NOVO!!!! u ponudi za eksluzivni reklamni proizvod, vino u brendiranom pakovanju. Proizvod koji va\u0161e poslovanje i\u00a0po\u0161tovanje va\u0161ih klijenata iskazuje na elegantan na\u010din.<\/p>\n","protected":false},"author":1,"featured_media":0,"parent":0,"menu_order":0,"comment_status":"closed","ping_status":"open","template":"","meta":{"footnotes":""},"class_list":["post-1118","page","type-page","status-publish","hentry"],"_links":{"self":[{"href":"https:\/\/proarte.rs\/web\/wp-json\/wp\/v2\/pages\/1118","targetHints":{"allow":["GET"]}}],"collection":[{"href":"https:\/\/proarte.rs\/web\/wp-json\/wp\/v2\/pages"}],"about":[{"href":"https:\/\/proarte.rs\/web\/wp-json\/wp\/v2\/types\/page"}],"author":[{"embeddable":true,"href":"https:\/\/proarte.rs\/web\/wp-json\/wp\/v2\/users\/1"}],"replies":[{"embeddable":true,"href":"https:\/\/proarte.rs\/web\/wp-json\/wp\/v2\/comments?post=1118"}],"version-history":[{"count":3,"href":"https:\/\/proarte.rs\/web\/wp-json\/wp\/v2\/pages\/1118\/revisions"}],"predecessor-version":[{"id":1454,"href":"https:\/\/proarte.rs\/web\/wp-json\/wp\/v2\/pages\/1118\/revisions\/1454"}],"wp:attachment":[{"href":"https:\/\/proarte.rs\/web\/wp-json\/wp\/v2\/media?parent=1118"}],"curies":[{"name":"wp","href":"https:\/\/api.w.org\/{rel}","templated":true}]}}