{"id":235,"date":"2010-09-15T08:21:10","date_gmt":"2010-09-15T08:21:10","guid":{"rendered":"http:\/\/elegantthemes.com\/preview\/DeepFocus\/?page_id=235"},"modified":"2025-07-11T20:40:13","modified_gmt":"2025-07-11T18:40:13","slug":"carobna-maramica","status":"publish","type":"page","link":"https:\/\/proarte.rs\/web\/carobna-maramica\/","title":{"rendered":"\u010carobna maramica"},"content":{"rendered":"<p><img loading=\"lazy\" decoding=\"async\" class=\" wp-image-876 alignleft\" title=\"Compact_Tablet_Magic_Tissue\" src=\"http:\/\/www.proarte.rs\/web\/wp-content\/uploads\/2015\/06\/Compact_Tablet_Magic_Tissue.jpg\" alt=\"\" width=\"360\" height=\"315\" \/><\/p>\n<p><span style=\"line-height: 1.5em;\">\u010carobna maramica je kompresovana maramica. \u00a0<\/span><\/p>\n<p><span style=\"line-height: 1.5em;\">Izra\u0111ena je od visokokvalitetnog<\/span><\/p>\n<p>* 100% priprodnog<\/p>\n<p>*100% biorazgradivog materijala<\/p>\n<p>*100% organskog porekla<\/p>\n<p>*100% zdrava<\/p>\n<p>\u010carobna maramica je proizvod bez dodatih aditiva \u0161to je \u010dini pogodnom za \u0161iroku upotrebu.<\/p>\n<p>&nbsp;<\/p>\n<p>&nbsp;<\/p>\n<p>KAKO SE \u010cAROBNA MARAMICA KORISTI?<\/p>\n<p><img loading=\"lazy\" decoding=\"async\" class=\" wp-image-880 aligncenter\" title=\"maramica-uputstvo-1\" src=\"http:\/\/www.proarte.rs\/web\/wp-content\/uploads\/2015\/06\/maramica-uputstvo-1.jpg\" alt=\"\" width=\"477\" height=\"216\" \/><!--more-->Da bi se kompresovana maramica pretvorila u vla\u017enu maramicu, potrebno je samo malo vode i ona \u0107e se za par sekundi pretvoriti u vla\u017enu maramicu spremnu za upotrebu.\u00a0 Zauzima malo prostora i postaje vla\u017ena onda kada vi to zelite. Pogodna za sve tipove koze.<\/p>\n<p>Kompresovana maramica\u00a0sa vasim logom je\u00a0 idealna je za promotivne aktivnosti va\u0161e firme. Pogotovo u letnjem periodu kada nam je svima potrebno osve\u017eenje.<\/p>\n<p>Idealna je za promocije na sajmovima, pla\u017eama, restoranima, za kori\u0161\u0107enje u kancelariji, kod ku\u0107e, \u00a0bolnicama, kozmeti\u010dkim salonima, planinarenju, u \u0161kolama, na putu, na kampovanju\u2026.<\/p>\n<p style=\"text-align: center;\"><a href=\"http:\/\/www.proarte.rs\/web\/wp-content\/uploads\/2015\/06\/main_site_maramice.jpg\"><img loading=\"lazy\" decoding=\"async\" class=\"aligncenter  wp-image-1045\" src=\"http:\/\/www.proarte.rs\/web\/wp-content\/uploads\/2015\/06\/main_site_maramice.jpg\" alt=\"main_site_maramice\" width=\"600\" height=\"322\" \/><\/a><a href=\"http:\/\/www.proarte.rs\/web\/wp-content\/uploads\/2015\/06\/second_site_maramice.jpg\"><img loading=\"lazy\" decoding=\"async\" class=\"wp-image-1044 aligncenter\" style=\"margin-top: 5px; margin-bottom: 5px;\" src=\"http:\/\/www.proarte.rs\/web\/wp-content\/uploads\/2015\/06\/second_site_maramice.jpg\" alt=\"second_site_maramice\" width=\"600\" height=\"322\" \/><\/a><\/p>\n","protected":false},"excerpt":{"rendered":"<p>\u010carobna maramica je kompresovana maramica. \u00a0 Izra\u0111ena je od visokokvalitetnog * 100% priprodnog *100% biorazgradivog materijala *100% organskog porekla *100% zdrava \u010carobna maramica je proizvod bez dodatih aditiva \u0161to je \u010dini pogodnom za \u0161iroku upotrebu. &nbsp; &nbsp; KAKO SE \u010cAROBNA MARAMICA KORISTI?<\/p>\n","protected":false},"author":1,"featured_media":0,"parent":0,"menu_order":0,"comment_status":"open","ping_status":"closed","template":"","meta":{"footnotes":""},"class_list":["post-235","page","type-page","status-publish","hentry"],"_links":{"self":[{"href":"https:\/\/proarte.rs\/web\/wp-json\/wp\/v2\/pages\/235","targetHints":{"allow":["GET"]}}],"collection":[{"href":"https:\/\/proarte.rs\/web\/wp-json\/wp\/v2\/pages"}],"about":[{"href":"https:\/\/proarte.rs\/web\/wp-json\/wp\/v2\/types\/page"}],"author":[{"embeddable":true,"href":"https:\/\/proarte.rs\/web\/wp-json\/wp\/v2\/users\/1"}],"replies":[{"embeddable":true,"href":"https:\/\/proarte.rs\/web\/wp-json\/wp\/v2\/comments?post=235"}],"version-history":[{"count":4,"href":"https:\/\/proarte.rs\/web\/wp-json\/wp\/v2\/pages\/235\/revisions"}],"predecessor-version":[{"id":1475,"href":"https:\/\/proarte.rs\/web\/wp-json\/wp\/v2\/pages\/235\/revisions\/1475"}],"wp:attachment":[{"href":"https:\/\/proarte.rs\/web\/wp-json\/wp\/v2\/media?parent=235"}],"curies":[{"name":"wp","href":"https:\/\/api.w.org\/{rel}","templated":true}]}}

Čarobna maramica

<p><img loading="lazy" decoding="async" class=" wp-image-876 alignleft" title="Compact_Tablet_Magic_Tissue" src="http://www.proarte.rs/web/wp-content/uploads/2015/06/Compact_Tablet_Magic_Tissue.jpg" alt="" width="360" height="315" /></p>
<p><span style="line-height: 1.5em;">Čarobna maramica je kompresovana maramica.  </span></p>
<p><span style="line-height: 1.5em;">Izrađena je od visokokvalitetnog</span></p>
<p>* 100% priprodnog</p>
<p>*100% biorazgradivog materijala</p>
<p>*100% organskog porekla</p>
<p>*100% zdrava</p>
<p>Čarobna maramica je proizvod bez dodatih aditiva što je čini pogodnom za široku upotrebu.</p>
<p>&nbsp;</p>
<p>&nbsp;</p>
<p>KAKO SE ČAROBNA MARAMICA KORISTI?</p>
<p><img loading="lazy" decoding="async" class=" wp-image-880 aligncenter" title="maramica-uputstvo-1" src="http://www.proarte.rs/web/wp-content/uploads/2015/06/maramica-uputstvo-1.jpg" alt="" width="477" height="216" /><!--more-->Da bi se kompresovana maramica pretvorila u vlažnu maramicu, potrebno je samo malo vode i ona će se za par sekundi pretvoriti u vlažnu maramicu spremnu za upotrebu.  Zauzima malo prostora i postaje vlažna onda kada vi to zelite. Pogodna za sve tipove koze.</p>
<p>Kompresovana maramica sa vasim logom je  idealna je za promotivne aktivnosti vaše firme. Pogotovo u letnjem periodu kada nam je svima potrebno osveženje.</p>
<p>Idealna je za promocije na sajmovima, plažama, restoranima, za korišćenje u kancelariji, kod kuće,  bolnicama, kozmetičkim salonima, planinarenju, u školama, na putu, na kampovanju….</p>
<p style="text-align: center;"><a href="http://www.proarte.rs/web/wp-content/uploads/2015/06/main_site_maramice.jpg"><img loading="lazy" decoding="async" class="aligncenter  wp-image-1045" src="http://www.proarte.rs/web/wp-content/uploads/2015/06/main_site_maramice.jpg" alt="main_site_maramice" width="600" height="322" /></a><a href="http://www.proarte.rs/web/wp-content/uploads/2015/06/second_site_maramice.jpg"><img loading="lazy" decoding="async" class="wp-image-1044 aligncenter" style="margin-top: 5px; margin-bottom: 5px;" src="http://www.proarte.rs/web/wp-content/uploads/2015/06/second_site_maramice.jpg" alt="second_site_maramice" width="600" height="322" /></a></p>

<p>Čarobna maramica je kompresovana maramica.   Izrađena je od visokokvalitetnog * 100% priprodnog *100% biorazgradivog materijala *100% organskog porekla *100% zdrava Čarobna maramica je proizvod bez dodatih aditiva što je čini pogodnom za široku upotrebu. &nbsp; &nbsp; KAKO SE ČAROBNA MARAMICA KORISTI?</p>
