{"id":668,"date":"2010-09-15T08:20:47","date_gmt":"2010-09-15T08:20:47","guid":{"rendered":"http:\/\/elegantthemes.com\/preview\/DeepFocus\/?page_id=233"},"modified":"2015-06-08T10:20:22","modified_gmt":"2015-06-08T10:20:22","slug":"kompresovane-majice","status":"publish","type":"page","link":"https:\/\/proarte.rs\/web\/kompresovane-majice\/","title":{"rendered":"Kompresovane majice"},"content":{"rendered":"<p style=\"text-align: left;\"><span style=\"line-height: 1.5em;\">Mali ali mo\u0107an reklamni proizvod za sve va\u0161e promotivne aktivnosti!!!<\/span><\/p>\n<p style=\"text-align: left;\">Majice sa va\u0161im logom kompresujemo i pretvaramo u poklon koji staje u va\u0161u ruku!!!<\/p>\n<p style=\"text-align: left;\">Kompresovana majica je dealan poklon \u00a0za promocije na sajmovima, reklamnim kampanjama, poslovnim zabavama i nagradnim akcijama&#8230;.<\/p>\n<p style=\"text-align: center;\"><a href=\"https:\/\/proarte.rs\/web\/wp-content\/uploads\/2015\/06\/Compress_T_shirt_PROARTE_001.png\"><img loading=\"lazy\" decoding=\"async\" class=\"alignnone size-medium wp-image-1425\" src=\"https:\/\/proarte.rs\/web\/wp-content\/uploads\/2015\/06\/Compress_T_shirt_PROARTE_001-300x241.png\" alt=\"Compress_T_shirt_PROARTE_001\" width=\"300\" height=\"241\" srcset=\"https:\/\/proarte.rs\/web\/wp-content\/uploads\/2015\/06\/Compress_T_shirt_PROARTE_001-300x241.png 300w, https:\/\/proarte.rs\/web\/wp-content\/uploads\/2015\/06\/Compress_T_shirt_PROARTE_001-1024x821.png 1024w, https:\/\/proarte.rs\/web\/wp-content\/uploads\/2015\/06\/Compress_T_shirt_PROARTE_001.png 1040w\" sizes=\"auto, (max-width: 300px) 100vw, 300px\" \/><\/a><\/p>\n<p><!--more--><\/p>\n<p>\u0160TA JE KM?<\/p>\n<p>Iznenadite va\u0161e poslovne partnere!!! Najnovija tehnika za oblikovanje promo poklona.<\/p>\n<p><em><strong>1. Brendiranje majice<\/strong><\/em><\/p>\n<p>Brediramo majicu po vasoj \u017eelji (sito, flekso \u0161tampa, flok ili vez). Na\u0161 strucni kreativni tim \u0107e vam pomo\u0107i da va\u0161a majica bude izbrendirana na pravi na\u010din.<\/p>\n<p><em><strong>2. Kompresovanje<\/strong><\/em><\/p>\n<p>Nakon \u0161to je majica izbrendirana, kompresujemo je i pretvaramo u oblik koji ste izabrali.<\/p>\n<p><em><strong>3. Pakovanje<\/strong><\/em><\/p>\n<p>Kompresovana majica &#8211; KM &#8211; se pakuje u termoskupljajucu foliju.\u00a0 Pakovanje sadr\u017ei dva u punom koloru odstampana karton\u010di\u0107a, prednji i zadnji, \u00a0sa va\u0161im logotipom i uputstvom za upotrebu. Zauzima mnogo manje fizi\u010dkog prostora, lako je za transport, no\u0161enje i ne treba vam nikakvo propratno pakovanje za ovakav poklon, koji \u0107e na nesvakida\u0161nji i kreativan na\u010din pretstaviti Va\u0161u firmu. Budite druga\u010diji od rastu\u0107e konkurencije, pozicionirajte sebe na ovom tr\u017ei\u0161tu uz na\u0161u pomo\u0107! Kvalitetna reklama uvek ima pozitivan efekat.<\/p>\n<p><span style=\"line-height: 1.5em;\">KAKO SE KORISTI KOMPRESOVANA MAJICA?<\/span><\/p>\n<p>Jednostavno!!!<\/p>\n<p>Otpakujte , operite i obucite majicu sa vasom reklamnom porukom!<\/p>\n<p>KM je<\/p>\n<ul>\n<li>100% prirodan proizvod<\/li>\n<li>100% biorazgradivo<\/li>\n<li>100% organskog porekla<\/li>\n<\/ul>\n","protected":false},"excerpt":{"rendered":"<p>Mali ali mo\u0107an reklamni proizvod za sve va\u0161e promotivne aktivnosti!!! Majice sa va\u0161im logom kompresujemo i pretvaramo u poklon koji staje u va\u0161u ruku!!! Kompresovana majica je dealan poklon \u00a0za promocije na sajmovima, reklamnim kampanjama, poslovnim zabavama i nagradnim akcijama&#8230;.<\/p>\n","protected":false},"author":1,"featured_media":849,"parent":0,"menu_order":0,"comment_status":"open","ping_status":"closed","template":"","meta":{"footnotes":""},"class_list":["post-668","page","type-page","status-publish","has-post-thumbnail","hentry"],"_links":{"self":[{"href":"https:\/\/proarte.rs\/web\/wp-json\/wp\/v2\/pages\/668","targetHints":{"allow":["GET"]}}],"collection":[{"href":"https:\/\/proarte.rs\/web\/wp-json\/wp\/v2\/pages"}],"about":[{"href":"https:\/\/proarte.rs\/web\/wp-json\/wp\/v2\/types\/page"}],"author":[{"embeddable":true,"href":"https:\/\/proarte.rs\/web\/wp-json\/wp\/v2\/users\/1"}],"replies":[{"embeddable":true,"href":"https:\/\/proarte.rs\/web\/wp-json\/wp\/v2\/comments?post=668"}],"version-history":[{"count":2,"href":"https:\/\/proarte.rs\/web\/wp-json\/wp\/v2\/pages\/668\/revisions"}],"predecessor-version":[{"id":1462,"href":"https:\/\/proarte.rs\/web\/wp-json\/wp\/v2\/pages\/668\/revisions\/1462"}],"wp:featuredmedia":[{"embeddable":true,"href":"https:\/\/proarte.rs\/web\/wp-json\/"}],"wp:attachment":[{"href":"https:\/\/proarte.rs\/web\/wp-json\/wp\/v2\/media?parent=668"}],"curies":[{"name":"wp","href":"https:\/\/api.w.org\/{rel}","templated":true}]}}

<p style="text-align: left;"><span style="line-height: 1.5em;">Mali ali moćan reklamni proizvod za sve vaše promotivne aktivnosti!!!</span></p>
<p style="text-align: left;">Majice sa vašim logom kompresujemo i pretvaramo u poklon koji staje u vašu ruku!!!</p>
<p style="text-align: left;">Kompresovana majica je dealan poklon  za promocije na sajmovima, reklamnim kampanjama, poslovnim zabavama i nagradnim akcijama&#8230;.</p>
<p style="text-align: center;"><a href="https://proarte.rs/web/wp-content/uploads/2015/06/Compress_T_shirt_PROARTE_001.png"><img loading="lazy" decoding="async" class="alignnone size-medium wp-image-1425" src="https://proarte.rs/web/wp-content/uploads/2015/06/Compress_T_shirt_PROARTE_001-300x241.png" alt="Compress_T_shirt_PROARTE_001" width="300" height="241" srcset="https://proarte.rs/web/wp-content/uploads/2015/06/Compress_T_shirt_PROARTE_001-300x241.png 300w, https://proarte.rs/web/wp-content/uploads/2015/06/Compress_T_shirt_PROARTE_001-1024x821.png 1024w, https://proarte.rs/web/wp-content/uploads/2015/06/Compress_T_shirt_PROARTE_001.png 1040w" sizes="auto, (max-width: 300px) 100vw, 300px" /></a></p>
<p><!--more--></p>
<p>ŠTA JE KM?</p>
<p>Iznenadite vaše poslovne partnere!!! Najnovija tehnika za oblikovanje promo poklona.</p>
<p><em><strong>1. Brendiranje majice</strong></em></p>
<p>Brediramo majicu po vasoj želji (sito, flekso štampa, flok ili vez). Naš strucni kreativni tim će vam pomoći da vaša majica bude izbrendirana na pravi način.</p>
<p><em><strong>2. Kompresovanje</strong></em></p>
<p>Nakon što je majica izbrendirana, kompresujemo je i pretvaramo u oblik koji ste izabrali.</p>
<p><em><strong>3. Pakovanje</strong></em></p>
<p>Kompresovana majica &#8211; KM &#8211; se pakuje u termoskupljajucu foliju.  Pakovanje sadrži dva u punom koloru odstampana kartončića, prednji i zadnji,  sa vašim logotipom i uputstvom za upotrebu. Zauzima mnogo manje fizičkog prostora, lako je za transport, nošenje i ne treba vam nikakvo propratno pakovanje za ovakav poklon, koji će na nesvakidašnji i kreativan način pretstaviti Vašu firmu. Budite drugačiji od rastuće konkurencije, pozicionirajte sebe na ovom tržištu uz našu pomoć! Kvalitetna reklama uvek ima pozitivan efekat.</p>
<p><span style="line-height: 1.5em;">KAKO SE KORISTI KOMPRESOVANA MAJICA?</span></p>
<p>Jednostavno!!!</p>
<p>Otpakujte , operite i obucite majicu sa vasom reklamnom porukom!</p>
<p>KM je</p>
<ul>
<li>100% prirodan proizvod</li>
<li>100% biorazgradivo</li>
<li>100% organskog porekla</li>
</ul>

<p>Mali ali moćan reklamni proizvod za sve vaše promotivne aktivnosti!!! Majice sa vašim logom kompresujemo i pretvaramo u poklon koji staje u vašu ruku!!! Kompresovana majica je dealan poklon  za promocije na sajmovima, reklamnim kampanjama, poslovnim zabavama i nagradnim akcijama&#8230;.</p>
