{"id":724,"date":"2010-09-15T05:33:46","date_gmt":"2010-09-15T05:33:46","guid":{"rendered":"http:\/\/elegantthemes.com\/preview\/DeepFocus\/?page_id=2"},"modified":"2015-06-08T09:58:13","modified_gmt":"2015-06-08T09:58:13","slug":"ko-smo","status":"publish","type":"page","link":"https:\/\/proarte.rs\/web\/ko-smo\/","title":{"rendered":"Ko smo?"},"content":{"rendered":"<p><strong>Proarte<\/strong> je osnovan 1999. godine kao agencija koja klijentima obezbedjuje kompletnu marketin\u0161ku uslugu.\u00a0Od samog po\u010detka na\u0161eg osnivanja razmi\u0161ljali smo da reklamni proizvod treba prilagoditi brendu, a ne obrnuto.<\/p>\n<p>Re\u0161ili smo da na\u0161u ideju pretvorimo u delo i krenuli sa izradom proizvoda po meri. Te godine po\u010dinjemo sa proizvodnjom reklamnih podloga za kompjuterskog mi\u0161a- mouse pad-ova.\u00a0Vrlo brzo pro\u0161irujemo proizvodni asortiman reklamnih proizvoda i POS materijala.\u00a0Postajemo lideri u regionu.<\/p>\n<p>Kao rezultal na\u0161eg dugogodi\u0161njeg znanja, kvaliteta, ideja i prilagodljivosti zahtevima klijenata, imamo vi\u0161e od 800 kupaca.<\/p>\n<p><strong>Proarte<\/strong>\u00a0se bavi proizvodnjom reklamnih proizvoda po dizajnu kupca.<\/p>\n<p>Proizvodimo reklamne proizvode potpuno prilagodjene va\u0161em dizajnu. Na\u0161 tim stru\u010dnih i kreativnih ljudi sa uvek novim i sve\u017eim idejama \u0107e vam pomo\u0107i da se proizvede va\u0161 unikatan reklamni proizvod.<\/p>\n<blockquote><p>Na\u0161 plan je da i dalje kreiramo originalno!<\/p><\/blockquote>\n","protected":false},"excerpt":{"rendered":"<p>Proarte je osnovan 1999. godine kao agencija koja klijentima obezbedjuje kompletnu marketin\u0161ku uslugu.\u00a0Od samog po\u010detka na\u0161eg osnivanja razmi\u0161ljali smo da reklamni proizvod treba prilagoditi brendu, a ne obrnuto. Re\u0161ili smo da na\u0161u ideju pretvorimo u delo i krenuli sa izradom proizvoda po meri. Te godine po\u010dinjemo sa proizvodnjom reklamnih podloga za kompjuterskog mi\u0161a- mouse pad-ova.\u00a0Vrlo [&hellip;]<\/p>\n","protected":false},"author":1,"featured_media":0,"parent":0,"menu_order":0,"comment_status":"open","ping_status":"closed","template":"","meta":{"footnotes":""},"class_list":["post-724","page","type-page","status-publish","hentry"],"_links":{"self":[{"href":"https:\/\/proarte.rs\/web\/wp-json\/wp\/v2\/pages\/724","targetHints":{"allow":["GET"]}}],"collection":[{"href":"https:\/\/proarte.rs\/web\/wp-json\/wp\/v2\/pages"}],"about":[{"href":"https:\/\/proarte.rs\/web\/wp-json\/wp\/v2\/types\/page"}],"author":[{"embeddable":true,"href":"https:\/\/proarte.rs\/web\/wp-json\/wp\/v2\/users\/1"}],"replies":[{"embeddable":true,"href":"https:\/\/proarte.rs\/web\/wp-json\/wp\/v2\/comments?post=724"}],"version-history":[{"count":1,"href":"https:\/\/proarte.rs\/web\/wp-json\/wp\/v2\/pages\/724\/revisions"}],"predecessor-version":[{"id":1315,"href":"https:\/\/proarte.rs\/web\/wp-json\/wp\/v2\/pages\/724\/revisions\/1315"}],"wp:attachment":[{"href":"https:\/\/proarte.rs\/web\/wp-json\/wp\/v2\/media?parent=724"}],"curies":[{"name":"wp","href":"https:\/\/api.w.org\/{rel}","templated":true}]}}