{"id":753,"date":"2012-02-08T08:17:16","date_gmt":"2012-02-08T08:17:16","guid":{"rendered":"http:\/\/www.proarte.rs\/srb\/?page_id=753"},"modified":"2015-06-08T10:37:06","modified_gmt":"2015-06-08T10:37:06","slug":"privesci","status":"publish","type":"page","link":"https:\/\/proarte.rs\/web\/privesci\/","title":{"rendered":"Privesci"},"content":{"rendered":"<p>Proizvodimo priveske od eva pene. Eva privesci mogu biti razli\u010ditog oblika, boje i veli\u010dine. Gravirani eva privesci se brendiraju laserom. Brendiranje je mogu\u0107e i 3D stikerom.<\/p>\n<p style=\"text-align: center;\"><a href=\"http:\/\/www.proarte.rs\/web\/wp-content\/uploads\/2015\/06\/main_site_privesci.png\"><img loading=\"lazy\" decoding=\"async\" class=\"aligncenter  wp-image-1050\" src=\"http:\/\/www.proarte.rs\/web\/wp-content\/uploads\/2015\/06\/main_site_privesci.png\" alt=\"main_site_privesci\" width=\"513\" height=\"384\" \/><\/a><\/p>\n<p>Privesci sa 3D stikerom se izradjuju od poliuretanske smole. 3D stikeri su \u0161tampani u fotorezoluciji \u0161to dodatno poja\u010dava 3D utisak.<\/p>\n","protected":false},"excerpt":{"rendered":"<p>Proizvodimo priveske od eva pene. Eva privesci mogu biti razli\u010ditog oblika, boje i veli\u010dine. Gravirani eva privesci se brendiraju laserom. Brendiranje je mogu\u0107e i 3D stikerom. Privesci sa 3D stikerom se izradjuju od poliuretanske smole. 3D stikeri su \u0161tampani u fotorezoluciji \u0161to dodatno poja\u010dava 3D utisak.<\/p>\n","protected":false},"author":1,"featured_media":1387,"parent":0,"menu_order":0,"comment_status":"closed","ping_status":"open","template":"","meta":{"footnotes":""},"class_list":["post-753","page","type-page","status-publish","has-post-thumbnail","hentry"],"_links":{"self":[{"href":"https:\/\/proarte.rs\/web\/wp-json\/wp\/v2\/pages\/753","targetHints":{"allow":["GET"]}}],"collection":[{"href":"https:\/\/proarte.rs\/web\/wp-json\/wp\/v2\/pages"}],"about":[{"href":"https:\/\/proarte.rs\/web\/wp-json\/wp\/v2\/types\/page"}],"author":[{"embeddable":true,"href":"https:\/\/proarte.rs\/web\/wp-json\/wp\/v2\/users\/1"}],"replies":[{"embeddable":true,"href":"https:\/\/proarte.rs\/web\/wp-json\/wp\/v2\/comments?post=753"}],"version-history":[{"count":2,"href":"https:\/\/proarte.rs\/web\/wp-json\/wp\/v2\/pages\/753\/revisions"}],"predecessor-version":[{"id":1471,"href":"https:\/\/proarte.rs\/web\/wp-json\/wp\/v2\/pages\/753\/revisions\/1471"}],"wp:featuredmedia":[{"embeddable":true,"href":"https:\/\/proarte.rs\/web\/wp-json\/wp\/v2\/media\/1387"}],"wp:attachment":[{"href":"https:\/\/proarte.rs\/web\/wp-json\/wp\/v2\/media?parent=753"}],"curies":[{"name":"wp","href":"https:\/\/api.w.org\/{rel}","templated":true}]}}