{"id":888,"date":"2012-05-03T09:25:32","date_gmt":"2012-05-03T09:25:32","guid":{"rendered":"http:\/\/www.proarte.rs\/srb\/?page_id=888"},"modified":"2015-06-08T10:23:13","modified_gmt":"2015-06-08T10:23:13","slug":"moja-majica","status":"publish","type":"page","link":"https:\/\/proarte.rs\/web\/moja-majica\/","title":{"rendered":"Moja majica"},"content":{"rendered":"<p>&nbsp;<\/p>\n<h2>Majica po va\u0161oj \u017eelji!<\/h2>\n<p style=\"text-align: center;\"><a href=\"https:\/\/proarte.rs\/web\/wp-content\/uploads\/2015\/06\/moja_majica_001.png\"><img loading=\"lazy\" decoding=\"async\" class=\"alignnone size-medium wp-image-1413\" src=\"https:\/\/proarte.rs\/web\/wp-content\/uploads\/2015\/06\/moja_majica_001-255x300.png\" alt=\"moja_majica_001\" width=\"255\" height=\"300\" srcset=\"https:\/\/proarte.rs\/web\/wp-content\/uploads\/2015\/06\/moja_majica_001-255x300.png 255w, https:\/\/proarte.rs\/web\/wp-content\/uploads\/2015\/06\/moja_majica_001.png 491w\" sizes=\"auto, (max-width: 255px) 100vw, 255px\" \/><\/a><\/p>\n<p>Poru\u010dite va\u0161u majicu on-line!<\/p>\n<p>Potrebno je samo da nam posaljete \u017eeljenu sliku, a mi \u0107emo vam poslati majicu sa ot\u0161tampanom aplikacijom. Omogu\u0107ili smo vam najve\u0107i izbor veli\u010dina, modela i boja. Mu\u0161ke, \u017eenske, de\u010dije majice i bodi\u0107i sa neodoljivim aplikacijama, po najpovoljnijim cenama i u najkra\u0107em roku \u0107e sti\u0107i na va\u0161u adresu.<\/p>\n<p>Dovoljno je samo malo ma\u0161te, a tehni\u010dki deo prepustite na\u0161em stru\u010dnom timu. Ukoliko ipak ne mo\u017eete da se odlu\u010dite pogledajte neke predloge koje smo mi predlo\u017eili.<\/p>\n<p>&nbsp;<\/p>\n<h3>Poru\u010dite on-line:<\/h3>\n","protected":false},"excerpt":{"rendered":"<p>&nbsp; Majica po va\u0161oj \u017eelji! Poru\u010dite va\u0161u majicu on-line! Potrebno je samo da nam posaljete \u017eeljenu sliku, a mi \u0107emo vam poslati majicu sa ot\u0161tampanom aplikacijom. Omogu\u0107ili smo vam najve\u0107i izbor veli\u010dina, modela i boja. Mu\u0161ke, \u017eenske, de\u010dije majice i bodi\u0107i sa neodoljivim aplikacijama, po najpovoljnijim cenama i u najkra\u0107em roku \u0107e sti\u0107i na va\u0161u [&hellip;]<\/p>\n","protected":false},"author":1,"featured_media":0,"parent":0,"menu_order":0,"comment_status":"closed","ping_status":"closed","template":"page-contact.php","meta":{"footnotes":""},"class_list":["post-888","page","type-page","status-publish","hentry"],"_links":{"self":[{"href":"https:\/\/proarte.rs\/web\/wp-json\/wp\/v2\/pages\/888","targetHints":{"allow":["GET"]}}],"collection":[{"href":"https:\/\/proarte.rs\/web\/wp-json\/wp\/v2\/pages"}],"about":[{"href":"https:\/\/proarte.rs\/web\/wp-json\/wp\/v2\/types\/page"}],"author":[{"embeddable":true,"href":"https:\/\/proarte.rs\/web\/wp-json\/wp\/v2\/users\/1"}],"replies":[{"embeddable":true,"href":"https:\/\/proarte.rs\/web\/wp-json\/wp\/v2\/comments?post=888"}],"version-history":[{"count":1,"href":"https:\/\/proarte.rs\/web\/wp-json\/wp\/v2\/pages\/888\/revisions"}],"predecessor-version":[{"id":1465,"href":"https:\/\/proarte.rs\/web\/wp-json\/wp\/v2\/pages\/888\/revisions\/1465"}],"wp:attachment":[{"href":"https:\/\/proarte.rs\/web\/wp-json\/wp\/v2\/media?parent=888"}],"curies":[{"name":"wp","href":"https:\/\/api.w.org\/{rel}","templated":true}]}}