{"id":973,"date":"2014-07-23T12:13:31","date_gmt":"2014-07-23T12:13:31","guid":{"rendered":"http:\/\/www.proarte.rs\/srb\/?page_id=973"},"modified":"2015-06-08T10:22:22","modified_gmt":"2015-06-08T10:22:22","slug":"magneti","status":"publish","type":"page","link":"https:\/\/proarte.rs\/web\/magneti\/","title":{"rendered":"Magneti"},"content":{"rendered":"<p style=\"text-align: center;\"><a href=\"http:\/\/www.proarte.rs\/srb\/wp-content\/uploads\/2014\/07\/site_magneti-011.jpg\"><br \/>\n<\/a><\/p>\n<p>Reklamne magnete proizvodimo u razli\u010ditim veli\u010dinama i oblicima. Magneti se \u0161tampaju na najsavremenijem ure\u0111aju u visokoj rezoluciji.<\/p>\n<p style=\"text-align: center;\"><a href=\"https:\/\/proarte.rs\/web\/wp-content\/uploads\/2015\/06\/main_site_magneti.png\"><img loading=\"lazy\" decoding=\"async\" class=\"alignnone size-medium wp-image-1439\" src=\"https:\/\/proarte.rs\/web\/wp-content\/uploads\/2015\/06\/main_site_magneti-300x182.png\" alt=\"main_site_magneti\" width=\"300\" height=\"182\" srcset=\"https:\/\/proarte.rs\/web\/wp-content\/uploads\/2015\/06\/main_site_magneti-300x182.png 300w, https:\/\/proarte.rs\/web\/wp-content\/uploads\/2015\/06\/main_site_magneti-1024x621.png 1024w\" sizes=\"auto, (max-width: 300px) 100vw, 300px\" \/><\/a><\/p>\n<p>Mogu\u0107a je izrada magneta sa 3D stikerom i magneta sa blokom.<\/p>\n<p>Mogu\u0107e je izraditi probni uzorak.<\/p>\n","protected":false},"excerpt":{"rendered":"<p>Reklamne magnete proizvodimo u razli\u010ditim veli\u010dinama i oblicima. Magneti se \u0161tampaju na najsavremenijem ure\u0111aju u visokoj rezoluciji. Mogu\u0107a je izrada magneta sa 3D stikerom i magneta sa blokom. Mogu\u0107e je izraditi probni uzorak.<\/p>\n","protected":false},"author":1,"featured_media":0,"parent":0,"menu_order":0,"comment_status":"closed","ping_status":"open","template":"","meta":{"footnotes":""},"class_list":["post-973","page","type-page","status-publish","hentry"],"_links":{"self":[{"href":"https:\/\/proarte.rs\/web\/wp-json\/wp\/v2\/pages\/973","targetHints":{"allow":["GET"]}}],"collection":[{"href":"https:\/\/proarte.rs\/web\/wp-json\/wp\/v2\/pages"}],"about":[{"href":"https:\/\/proarte.rs\/web\/wp-json\/wp\/v2\/types\/page"}],"author":[{"embeddable":true,"href":"https:\/\/proarte.rs\/web\/wp-json\/wp\/v2\/users\/1"}],"replies":[{"embeddable":true,"href":"https:\/\/proarte.rs\/web\/wp-json\/wp\/v2\/comments?post=973"}],"version-history":[{"count":2,"href":"https:\/\/proarte.rs\/web\/wp-json\/wp\/v2\/pages\/973\/revisions"}],"predecessor-version":[{"id":1464,"href":"https:\/\/proarte.rs\/web\/wp-json\/wp\/v2\/pages\/973\/revisions\/1464"}],"wp:attachment":[{"href":"https:\/\/proarte.rs\/web\/wp-json\/wp\/v2\/media?parent=973"}],"curies":[{"name":"wp","href":"https:\/\/api.w.org\/{rel}","templated":true}]}}